3*h**2 - 1. Let o be d(3). Let b be 4/o + 32/28. Give k(b).
-7
Let v(j) be the second derivative of 3/2*j**2 + 0 - 5/6*j**3 + 1/3*j**4 - j - 1/60*j**5. Let p(z) be the first derivative of v(z). Determine p(5).
10
Let f(l) be the first derivative of -3*l**2 - l - 1. Let o(w) be the first derivative of -2*w**3/3 - 2*w**2 + w + 22. Let h be o(-2). Give f(h).
-7
Let w(a) = -a**3 - 11*a**2 + 4*a + 13. Let x(u) = 2*u**3 + 21*u**2 - 6*u - 25. Let d(i) = 7*w(i) + 4*x(i). Determine d(-6).
3
Let b(y) = 2*y**3 + 2*y**2 + 1. Let s be 3 - 24/(-6) - 5. What is b(s)?
25
Suppose 0 = -m + 4*s - 5 - 3, 5*m - 2*s = -76. Let o be (m - -16)/(-3 + 1). Let p(i) = i - 10. Give p(o).
-10
Suppose 5*s = -7*s - 120. Let o(c) = -4*c - 24. Give o(s).
16
Suppose -3*j = 61 - 67. Let m(z) = 3*z**3 + z**2 - z. Determine m(j).
26
Suppose -5*w = -0*w - 450. Let k(i) = -7*i - 103. Let a be k(-15). Let r(x) = -6*x + 89*x**2 - w*x**2 + a - 1. Calculate r(-3).
10
Let f(g) = g - 1. Let r be f(3). Let v be (1 - 4)/((-3)/2). Let k(y) = -2*y**r + y**2 + 2*y**v - 4*y. Determine k(4).
0
Let u(r) = -20*r**2 + 8*r - 5. Let g(a) = 7*a**2 - 3*a + 2. Let c(t) = -8*g(t) - 3*u(t). Suppose -1 = z + o, -3*z + 2*o + 10 = 3. Determine c(z).
3
Suppose 4*a + 4 = 0, 6*k = 4*k + 4*a + 8. Let r(t) = 0*t**2 + 7*t + 6 - 9*t**2 - 18*t**3 + 19*t**3 - t**k. Give r(9).
-12
Let c be 0*(-1 + (-42)/(-36)). Let h(k) = -5*k + 12. Let j be 6/(-2 + -1) + 8. Let l(q) = q - 1. Let v(t) = j*l(t) + h(t). Calculate v(c).
6
Suppose -2*s + 0*s = 28. Let i be 10/(-15)*(s/(-4) + 1). Let o(y) = y**2 + 3*y - 4. Determine o(i).
-4
Let g(b) = -11*b**2 - 2*b + 1. Let k be (-1)/2*2 + (-36 - -35). What is g(k)?
-39
Let s(m) = -5*m**2 - 26. Let a(f) = -f**2 - 2*f - 2. Let j(z) = 6*a(z) - s(z). Determine j(-16).
-50
Suppose -5*k - 16 = 9. Suppose 3*m + 8 - 14 = 0. Let s(d) = 10 + m - d**2 - d - 18 + 9. Determine s(k).
-17
Let y = 30 + -23. Let l(j) = j - 3. Determine l(y).
4
Let u(i) = -53*i - 9. Let z(y) = -24*y - 4. Let o(x) = -4*u(x) + 9*z(x). Determine o(-2).
8
Let n(q) = -q**2 - 6*q - 5. Let s(o) be the first derivative of o**2/2 - 12*o - 9. Let w be s(8). Calculate n(w).
3
Let x(z) = -20*z**3 - 2*z**2 - 12*z + 26. Let q(d) = -7*d**3 - d**2 - 4*d + 9. Let p(i) = 17*q(i) - 6*x(i). Give p(4).
-3
Let z(h) = -3 + 2 + h + 3 - 1 + 1. Let s(l) = l**2 - 5*l + 2. Let f be s(4). Give z(f).
0
Let g(c) be the third derivative of c**2 + 1/24*c**4 - 1/3*c**3 - 49 + 0*c. Determine g(-8).
-10
Let k(a) = -28*a**2 + 3*a + 35*a**2 + 0*a**3 - 8 + a + a**3. Give k(-6).
4
Let h(c) be the second derivative of c**6/120 + c**5/12 - c**3 + 10*c**2 - 3*c. Let y(b) be the first derivative of h(b). Give y(-5).
-6
Let b(l) be the first derivative of -l**3/3 + 9*l**2/2 - 2*l + 636. Let i = 10 + -2. Give b(i).
6
Let z(q) = 158*q + 8*q**2 - 48*q - 3*q**3 - 2 + 4 - 54*q - 58*q. Determine z(3).
-13
Suppose v + 0*p + 18 = -5*p, 20 = -5*p. Let d(l) = 5*l**v + 26*l - 24*l - l**2 + 2 + 2*l**2. What is d(-2)?
22
Suppose -15*j - 2*y = -16*j - 10, 4*j = -3*y - 51. Let f(p) = -6*p - 73. Calculate f(j).
-1
Let a(h) = h**3 + 34*h**2 + 208*h - 14. Let x be a(-26). Let n(j) = j - 1. Give n(x).
-15
Let w(o) = o**3 + 5*o**2 - 7*o - 2. Suppose 14 = 2*v + 2. Suppose -3*g = c + v, -5*c - 8 = 4*g - 0*g. Let a be (c - 3) + (-5 - -2). Calculate w(a).
4
Let w(f) = -7*f**3 + 8*f**2 + 4*f - 1. Let g(y) = -11*y**3 + 12*y**2 + 6*y - 1. Let x(t) = 5*g(t) - 8*w(t). Determine x(4).
-5
Let o(l) = -3*l**2 + 3*l + 1. Let f = -4 - -10. Let y(v) = 6*v**2 - 2*v**2 - f*v - 2 + v. Let a(w) = 7*o(w) + 5*y(w). Give a(-4).
-3
Let c(b) be the third derivative of 0*b + 0 + 1/60*b**5 - 1/24*b**4 + 4*b**2 - 19/6*b**3. Determine c(0).
-19
Let c(n) = -n**2 + n - 5. Let o(m) = -m**2 + m - 4. Let p(h) = 3*c(h) - 4*o(h). Give p(2).
3
Let q be (-7 + 1)*(-2)/6. Let j(s) = -s**3 + s**2 + 2*s + 1. Determine j(q).
1
Let f(m) = -m + 4. Let d be -4 + ((-2)/(-3))/((-6)/(-54)). Let t(y) = y**3 - 3*y + 6. Let h be t(d). Calculate f(h).
-4
Let z(x) be the second derivative of x**5/20 + x**4/4 + x**3/3 - 5*x**2/2 + 2*x - 2. Calculate z(-4).
-29
Let f(z) be the second derivative of -z**4/12 - z**3 - 7*z**2/2 + 2*z. Let g = 132 - 138. Determine f(g).
-7
Suppose v = -g - 4, -v + 4*g - 17 + 3 = 0. Let u(x) = x**2 + 3*x + 4. Determine u(v).
22
Let w = -13 - -9. Let b(l) = -l - 6. Let o be b(w). Let d be (o/3)/(2/(-3)). Let n(v) = -4*v**3 - v. Calculate n(d).
-5
Suppose -39 = -r + 124. Let g(b) = -151 - 4*b + r + 2*b. Give g(9).
-6
Suppose 0*v = -5*h + v - 32, -h = 3*v. Let a be 9/(-6)*-2*11. Let f(i) = 3*i**2 - 26*i + 4*i**2 + a*i - 3 + i**3. What is f(h)?
-9
Let w(m) = 3*m - 16. Let g(p) = -8*p + 46. Let j(f) = 4*g(f) + 11*w(f). Calculate j(-7).
1
Let m(c) = -12 + c + 0*c - 7*c - c**2 - 6*c. Calculate m(-11).
-1
Suppose -2*o + 7*p - 2*p = -74, -2*o - 5*p = -74. Let m = 57 - o. Let w = 16 - m. Let b(g) = -g**3 - 4*g**2 - g - 3. Determine b(w).
1
Let f(z) = 6*z + 1. Let n be (-1)/(-1)*(0 - -1). What is f(n)?
7
Let u = 626 - 626. Let r(v) = 11*v + 19. Let p(i) = 5*i + 10. Let q(w) = 9*p(w) - 4*r(w). Give q(u).
14
Let u(c) = 5*c**3 - c**2 + 2*c - 1. Let f be u(1). Suppose -6*s - 8 = -20. Let p(r) = r**s - 2*r + r + 3*r - 1 - 6*r. Give p(f).
4
Let c(k) be the third derivative of -5/2*k**3 + 0 - 1/12*k**4 + 0*k - 37*k**2. Give c(-11).
7
Let u be ((-4)/(-12))/((-1)/(-9)). Suppose 20 = u*b + 5. Let p(x) = 6 - 3*x + 0*x**2 + 5*x + b*x**3 - 4*x**3 + 4*x**2. What is p(-4)?
-2
Let q(l) = l**2 - 14*l + 26*l - 196 + 217. Determine q(-9).
-6
Let o(m) be the second derivative of -m**5/20 - m**4/4 + m**3/3 + 3*m**2/2 - 60*m. Let d(w) = 3*w + 1 - 2*w + 0*w. Let l be d(-4). Give o(l).
-3
Let a(k) = k**2 + 7*k - 2. Suppose -47*g - 138 - 332 = 0. Determine a(g).
28
Let r(a) = -a - 6 + 34 - 12 - 5*a**2 - 14 + 3*a**2. Calculate r(1).
-1
Let d(x) = -39*x - 186. Let t be d(-5). Let i(u) = u**3 - 8*u**2 - 7*u + 12. Calculate i(t).
30
Let q(s) = -5 - 14*s - 11*s - 2*s**2 + 19*s. Let t be q(-3). Let d(i) = -3*i - 3. Give d(t).
12
Suppose -3*s - 2*s + 20 = 0. Let u(p) = p**3 - 26*p**2 - 25*p - 50. Let m be u(27). Let w = s - m. Let r(k) = k**2 - k + 11. Determine r(w).
11
Let u(m) = 5*m**2 + m + 28. Let t(a) = 12*a**2 + 2*a + 57. Let y(k) = -2*t(k) + 5*u(k). What is y(0)?
26
Let w(u) = 21*u**3 + 10*u**2 + 2*u + 5. Let v(q) = -32*q**3 - 14*q**2 - 3*q - 7. Let p(l) = -5*v(l) - 7*w(l). Calculate p(1).
14
Let z(r) = -r**2 - 11 + 0*r**2 + 2*r**2. Suppose q + 14 = 11, -15 = b + 5*q. Determine z(b).
-11
Suppose -23*r + 13 = -27*r - j, 5*j - 23 = 2*r. Let m(b) = b**3 + 2*b**2 - b - 2. Determine m(r).
-30
Let t(l) = 2*l - 2. Suppose 13 - 18 = -s. Suppose s*z + 25 = -0. Calculate t(z).
-12
Let n(u) = -3*u - 7. Let z be n(-4). Suppose 3*f - 11 = -b, 0 = 5*b + 4*f - 21 - 23. Let i(c) = z + 4*c - 2 - b. What is i(4)?
11
Let h(z) be the third derivative of z**6/120 + z**5/60 - z**4/24 + 5050*z**2. Suppose -9 = -7*f + 4*f. Suppose -4*y = -f*y. What is h(y)?
0
Let l = 119 + -118. Let m(f) be the third derivative of 0 + 0*f - 17/120*f**6 - 1/12*f**4 - 3*f**2 + 1/6*f**3 + 1/30*f**5. Calculate m(l).
-16
Suppose -5*l - 3*o + 24 = 0, -24*l - 4*o + 6 = -26*l. Let x(n) = 2*n**3 - 2. Let c(s) = 2*s**3 + s**2 + s - 2. Let h(d) = 3*c(d) - 4*x(d). Determine h(l).
-16
Let t(z) = -9*z. Let s = 4 + 0. Let o = -10 + 12. Suppose -s*g + o*g = -2. What is t(g)?
-9
Suppose -5*q + 4*b + 7 = 0, 14*b + 8 = 18*b. Let w(t) = -t. Let l be w(-1). Let s(c) = l + 0 + 2*c - q*c. What is s(-5)?
6
Let h(z) = -12*z**2 + 0*z + 13 - 948*z**3 + 1894*z**3 - 947*z**3 + 8 + z. Calculate h(-12).
9
Let p(f) be the second derivative of f**4/12 - 7*f**3/2 - 11*f**2 + 3*f - 6. Give p(22).
0
Let x(k) be the first derivative of k**4/4 - 11*k**3/3 + k**2/2 - 15*k + 302. Calculate x(11).
-4
Let f(h) = 6*h + 16. Let d(n) = n. Let x(p) = -5*d(p) + f(p). Let j be x(-10). Let k(r) = -2 + j*r + 4 - 6 + 2. Calculate k(2).
10
Let d(n) = -8*n + 6 - n**3 + 6*n - 3*n**2 + 6*n. Suppose 5 + 3 = 2*v. Suppose 2*p - v*p + 2 = u, 5*p = 15. Determine d(u).
6
Let f = 114 - 116. Let k(w) = w + 2*w**3 + 3*w**3 - 3*w**2 - 6*w**3. Give k(f).
-6
Let d(k) be the first derivative of -1/4*k**4 - 5/2*k**2 - 2*k**3 + k + 10. Give d(-5).
1
Let f(i) = 2*i - 14. Suppose 0 = 2*u - 23 + 7. Let x be f(u). Let r(y) = -3*y**x - 1 + 2 + 1 + 2*y + 0